ine q(-4).
9
Let d(b) = b**2 + 3*b + 3. Let k be d(-4). Let m = -11 + k. Let s(l) = -3*l - 1. Calculate s(m).
11
Let o be 2 - (-1)/6*0. Let m(t) be the third derivative of 1/3*t**3 - 1/24*t**4 + 0 + 3*t**o + 0*t + 1/60*t**5. What is m(3)?
8
Let z(c) be the first derivative of -3*c**2 + 2*c - 8. Give z(2).
-10
Let c(v) = 3*v + 2. Let b(u) = 2*u + 2 + 5*u - 3*u + u**2 + u. Let d be b(-5). Calculate c(d).
8
Let z(s) = s - 5. Suppose 2*i = 0, -2*i = 5*y - 0*i - 15. Let f be y/(-5) + (-56)/(-10). Give z(f).
0
Suppose -4*d - 4*f - 24 = -4, 2*d = 4*f - 28. Let o(m) = -m**3 - 8*m**2 - m - 7. Give o(d).
1
Let w = -3 + 5. Suppose 0 = -2*v - 2*s + 16, v + w*s = 3*v. Let h(r) = -r**2 + 2*r + 4. Let a be h(v). Let k(p) = p**3 + 3*p**2 - 6*p - 3. Determine k(a).
5
Let j(r) be the first derivative of -r**4/2 - 2*r**3/3 + r**2 - 2*r + 12. Give j(2).
-22
Suppose -l - 65 = -6*l. Suppose -2*z + l = -0*n + 3*n, -2*n + 2*z = 8. Let k(j) = 5*j - 1. Give k(n).
4
Let q(y) be the third derivative of -y**4/24 - 2*y**3 - 3*y**2. Suppose x + 21 = -0*u - 4*u, -3*u - 11 = -4*x. Calculate q(u).
-7
Let d(r) be the third derivative of -r**7/1008 - r**6/720 - r**5/60 + 2*r**2. Let v(i) be the third derivative of d(i). What is v(-2)?
9
Let u(h) be the third derivative of -1/30*h**5 + 0*h + 1/8*h**4 + 0 + 1/2*h**3 - 3*h**2. Determine u(3).
-6
Suppose -20 + 2 = -3*n. Let a be ((-2)/n)/(3/(-9)). Let v(r) = -10*r + 2. Let x(l) = -5*l + 1. Let k(g) = 4*v(g) - 7*x(g). Give k(a).
-4
Let c(o) = o**2 + 4*o - 3. Suppose z - p = -1, 2*z = -0*p + p - 3. Let j = z + 4. Calculate c(j).
9
Let u(j) = -2*j - 1. Let r = -4 - -6. Give u(r).
-5
Let b be 0 + (-10)/2 + 1. Let w(q) = -15*q**2 + 27*q**2 - 5*q - 13*q**2. Determine w(b).
4
Let h be 17/(-4) - -5*9/(-60). Let x(p) = p**2 + 4*p - 5. What is x(h)?
0
Let o be 2/13 - (-30)/(-26). Let h(d) = 7*d + 15*d - 14*d - 1. Give h(o).
-9
Let j(y) = y**2 - 3*y + 2. Let a(o) = 2*o**2 - 2*o + 1. Let r(f) = 3*a(f) - 2*j(f). Give r(-1).
3
Let k(c) = -c**3 - 11*c**2 - 11*c - 11. Let t be k(-10). Let a(r) = -5*r. Give a(t).
5
Let j(z) = z - 1. Let b be j(3). Suppose -2*o + b = 3*h, -2*o + 30 = -h - 3*h. Let f be o + (2/(-1) - 0). Let t(w) = w**3 - 4*w**2 - 7*w + 4. Calculate t(f).
-6
Let d(n) = n**3 + 4*n**2 + n - 2. Let s be d(-4). Let v(w) = w**2 + 8*w + 1. Determine v(s).
-11
Suppose 0*j + 12 = -4*j. Let m(t) = 2 + 3*t**2 - 3*t**2 - t**2 - 2*t + 0*t**2. Give m(j).
-1
Let a(t) be the first derivative of 7*t**2/2 - t - 1. Let j be -5 - 3*2/(-3). Let v = j - -4. What is a(v)?
6
Let c be 3/(3 + 1 + -3). Suppose 0 = n + c. Let i = n + 3. Let t(b) = -b + 2. Determine t(i).
2
Let n(g) = 5*g**2 - 7 - 7 + 7 + g**3 + 2. Calculate n(-4).
11
Let q(j) = -j**3 - 5*j**2 - 2*j - 1. Let t = -25 + 22. Determine q(t).
-13
Suppose 2*l - 14 = -4*p, 2*l + p = -2 + 1. Suppose 0 = -4*x + 2*u - 0*u + 18, 0 = -3*x + 4*u + 21. Let q(c) = -c + 0*c + 6*c - x*c. Calculate q(l).
-6
Let i = 2 - -2. Let w(k) = 4 - 7*k - 4*k + 9*k - 2*k. Calculate w(i).
-12
Let o(r) = 9*r - 1. Let x(h) = -h + 2. Let t be x(1). Determine o(t).
8
Suppose 3*r + 3 = 0, x + 2*r - 4 = 6. Suppose -3*p = -7*p + x. Suppose -8*a = -p*a - 25. Let q(w) = w**2 - 7*w + 7. Give q(a).
-3
Let b(y) = -2*y**3 + 0*y**3 + y**3. Let f be (-560)/(-294) + (-4)/(-42). Give b(f).
-8
Let t(k) = k**3 + 6*k**2 + 5*k - 3. Suppose 1 = -4*w + 13. Let i = w + -8. Calculate t(i).
-3
Let q(r) = r + 10. Let l be -1 - (1 + -2 + 5). Calculate q(l).
5
Let z(x) = -5*x**2 - 3*x + 7. Let w(q) = -9*q**2 - 5*q + 13. Let j(o) = -4*w(o) + 7*z(o). Suppose 3*d - 4*b - 2 = d, -3*d + 4*b - 1 = 0. Determine j(d).
9
Let o(h) = h**2 - 6*h + 1. Let b = -3 + 4. Let a be (12/(-9) + b)*-15. What is o(a)?
-4
Let g(r) = -r**3 - 4*r**2 + 5. Let x = -2 - 2. What is g(x)?
5
Let c(o) = -3 + o**2 - 7*o - 7 - 1 + 13. Let m be (-2)/(-8) - 108/(-16). What is c(m)?
2
Let t(c) be the first derivative of 2*c**3/3 - 17*c**2/2 - c - 9. Let j(v) = 3*v**2 - 25*v - 1. Let f(m) = 5*j(m) - 7*t(m). Determine f(5).
-3
Let m be (-1)/(3*(-1)/(-15)). Let y(l) = l - 1. Let x(f) = -4*f**2 - 6*f + 5. Let d(w) = m*y(w) - x(w). Calculate d(-1).
3
Suppose -6 = 2*h - 5*h. Let w = h + 1. Let j(u) = 4 - 4 - 2*u. Calculate j(w).
-6
Suppose 9 = 4*u + v, -u - 3*u + 5*v - 21 = 0. Let i(c) = c**2 - c - 1. Let y(t) = -t**3 + t**2 - t - 4. Let o(z) = -3*i(z) + y(z). Give o(u).
-2
Let i(s) = 6*s**2 - s**2 + 5 + s**3 - 4*s - s**2. Let n = -68 + 42. Let b be 12/(-18) - n/(-6). Determine i(b).
0
Let o(v) = -3*v - v**3 + 3 + 0*v**3 - v - 5*v**2. Let u be o(-4). Let w be (u/(-9))/(2/(-6)). Let b(s) = 6*s**2 + 1. Calculate b(w).
7
Let a(y) = -5 + 2*y + 5 + 4 - 1. Let r be ((-8)/(-10))/((-6)/15). Calculate a(r).
-1
Let z be (-2)/(6/(-45)) + -1. Suppose 0*x - u = 3*x + 10, -x + z = -4*u. Let a = 1 - x. Let r(p) = -p**2 + 4*p. What is r(a)?
3
Let m(t) = 20*t**3 + t**2 - 2*t - 15. Let g(w) = -7*w**3 + w + 5. Let i(z) = 17*g(z) + 6*m(z). Determine i(-5).
-5
Let r(f) = f + 1. Let b(x) = -2*x - 4. Let l = -3 - 0. Let p be b(l). Suppose 0 = -4*c, 0 = -n + 5*c + 2 + p. Give r(n).
5
Let x(q) = 4*q + q**2 - 3 - 2 - 6*q - 4*q. Suppose -3*z + 5 = -10. Determine x(z).
-10
Let z(d) = d**2 - 5*d**3 - 2*d**2 + 2*d**2. Let r be ((-10)/8)/((-3)/(-24)). Let s be r/12 + (-2)/12. Calculate z(s).
6
Let f(u) = -96*u**3 + 11*u**2 + 11*u - 16. Let x(p) = -19*p**3 + 2*p**2 + 2*p - 3. Let z(j) = -2*f(j) + 11*x(j). What is z(1)?
-18
Let y(t) = t + 1. Let k = 27 - 28. Calculate y(k).
0
Let r(p) = -p**3 + 0*p**3 - 5*p**2 + 4 + 3*p + 3. Let i be 2*-4 - (-6 - -3). What is r(i)?
-8
Let h(k) = -k. Suppose 2*r = 4*l + 20, -4*l = -2*r - l + 18. Let y be 1/(2 + (1 - 4)). Let g(n) = -n**2 - 5*n + 6. Let u(s) = r*h(s) + y*g(s). Calculate u(0).
-6
Suppose 4*y - 17 + 1 = 0. Suppose 2*p + 0*p - y = 0. Let m(a) = -a**2 + 3*a. Give m(p).
2
Let p(y) = -2*y - 2. Suppose -6*w + 11 = -2*m - 3*w, -15 = -3*w. Suppose 0 = -m*a + 2 + 10. Let r = 1 - a. Determine p(r).
8
Let i(k) be the third derivative of k**2 + 1/60*k**5 + 0*k + 1/4*k**4 + 0 - 1/6*k**3. Calculate i(-5).
-6
Let s(x) be the third derivative of 0 + 0*x**3 - 2*x**2 - 1/12*x**5 + 0*x + 1/120*x**6 + 1/24*x**4. Give s(5).
5
Let f be (-1)/(2 + 0 - 1). Let j be f + (-5)/(15/(-24)). Let m = 10 - j. Let z(l) = -l + 6. Calculate z(m).
3
Let q(x) be the second derivative of -x**3/3 - 2*x**2 - 3*x. Determine q(-5).
6
Let u(b) = -6 - b**2 + 7 + b**3 + 4 - 4*b**2. What is u(5)?
5
Let z be (20/(-6))/(4/(-6)). Let t(c) = c + 2. Calculate t(z).
7
Let d be -3 + (0 + 1)*(-2 - -5). Let j(c) be the third derivative of -2/3*c**3 - c**2 - 1/24*c**4 + 0 + d*c. Calculate j(0).
-4
Let y(q) = 2*q**2 - 3*q + 3. Let a be y(3). Suppose 0 = -h - 2*m + a, -3*h + 9 + 19 = 4*m. Let c(t) = 3 + t**2 - t**2 - 4*t**2 + t**3 + t. Give c(h).
7
Suppose -2*o - 3*o = 0. Let v be -1 + o/(3 - 0). Let f(i) = 2*i. Determine f(v).
-2
Suppose -l + 3 = -0*l - 4*a, 4*a + 9 = -5*l. Let k be (l - -1)/(2/(-1)). Let x = k + 2. Let v(d) = -2*d - 2. Determine v(x).
-6
Let h(q) = q**3 - 2*q**2 - 2. Suppose 0 = w - 0 - 3. Give h(w).
7
Suppose 4*y - 2*k = 9 + 5, -y + 2*k = 4. Let c(i) = i**2 - 6*i + 6. What is c(y)?
6
Let m(l) = -l - 4. Let b = 87 - 92. What is m(b)?
1
Let t be -4 - (-9 - -5)/(-2). Let m(q) = -q**3 - 7*q**2 - 5*q + 2. Determine m(t).
-4
Let r(u) = 4*u - 1. Let i = -6 + 2. Let v be ((-8)/10)/(i/(-10)). Calculate r(v).
-9
Let w(y) = -y**2 - 5*y + 7. Let j be w(-7). Let c(v) = -v**2 - 6*v + 6. Let u be c(j). Let g = 3 + u. Let k(o) = -3*o**2 + 3*o - 2. Give k(g).
-8
Let q(s) = s**3 + 15*s**2 - 1 + s - 4 - 23*s**2. Let r be q(8). Let j(f) = -f**3 + f**2 + f + 2. Determine j(r).
-13
Let x(q) be the third derivative of -q**5/60 - q**3/3 - 13*q**2 + q. Give x(-2).
-6
Let z(s) be the third derivative of s**6/120 - s**5/60 + s**4/12 + s**3/6 + 24*s**2. Calculate z(2).
9
Suppose -2 = -3*s + s + 2*k, -s + 4*k - 2 = 0. Let o(l) = -l**2 + 2*l + 3 + 3*l**s - l**2 + 4*l. Let n be (-4 - 2) + 2 + 0. What is o(n)?
-5
Let s be (-3)/15 - (-78)/15. Let q(x) = -4*x - s*x + 3 - 2. Let d be (-3 - 28/(-12))/(6/(-9)). Calculate q(d).
-8
Let q = 4 - 4. Let n = -1 + 3. Suppose q = v + n*v - 3. Let c(d) = -6*d**3 + 1. Calculate c(v).
-5
Let x(b) = b**2 + 4*b - 7. Let i be (81/(-21) + 3)*7. What is x(i)?
5
Suppose 13 = 2*a - 5*a + r, -4*r = 20. Let h(g) = -g**3 -